ded by 29.
17
Calculate the remainder when 2202 is divided by 32.
26
What is the remainder when 397 is divided by 8?
5
What is the remainder when 509 is divided by 10?
9
What is the remainder when 63 is divided by 1?
0
What is the remainder when 641 is divided by 96?
65
What is the remainder when 156 is divided by 49?
9
What is the remainder when 1089 is divided by 296?
201
Calculate the remainder when 7124 is divided by 125.
124
Calculate the remainder when 22 is divided by 17.
5
Calculate the remainder when 1357 is divided by 85.
82
What is the remainder when 712 is divided by 82?
56
Calculate the remainder when 139 is divided by 35.
34
What is the remainder when 331 is divided by 188?
143
What is the remainder when 757 is divided by 61?
25
Calculate the remainder when 3192 is divided by 5.
2
What is the remainder when 868 is divided by 75?
43
What is the remainder when 347 is divided by 126?
95
What is the remainder when 6334 is divided by 32?
30
What is the remainder when 348 is divided by 13?
10
What is the remainder when 705 is divided by 227?
24
Calculate the remainder when 297 is divided by 77.
66
What is the remainder when 309 is divided by 45?
39
What is the remainder when 2447 is divided by 98?
95
Calculate the remainder when 894 is divided by 112.
110
Calculate the remainder when 866 is divided by 104.
34
Calculate the remainder when 404 is divided by 152.
100
Calculate the remainder when 156 is divided by 16.
12
What is the remainder when 940 is divided by 170?
90
What is the remainder when 116 is divided by 34?
14
Calculate the remainder when 91 is divided by 42.
7
Calculate the remainder when 3601 is divided by 116.
5
Calculate the remainder when 249 is divided by 54.
33
Calculate the remainder when 125 is divided by 57.
11
Calculate the remainder when 8719 is divided by 40.
39
Calculate the remainder when 97 is divided by 10.
7
What is the remainder when 56 is divided by 35?
21
What is the remainder when 342 is divided by 29?
23
Calculate the remainder when 443 is divided by 14.
9
Calculate the remainder when 283 is divided by 19.
17
Calculate the remainder when 8651 is divided by 12.
11
What is the remainder when 338 is divided by 38?
34
Calculate the remainder when 520 is divided by 196.
128
What is the remainder when 546 is divided by 69?
63
Calculate the remainder when 279 is divided by 44.
15
Calculate the remainder when 1181 is divided by 396.
389
What is the remainder when 1710 is divided by 25?
10
What is the remainder when 497 is divided by 248?
1
Calculate the remainder when 422 is divided by 47.
46
Calculate the remainder when 57 is divided by 21.
15
Calculate the remainder when 12704 is divided by 15.
14
Calculate the remainder when 1082 is divided by 26.
16
What is the remainder when 1868 is divided by 372?
8
What is the remainder when 161 is divided by 31?
6
Calculate the remainder when 446 is divided by 114.
104
Calculate the remainder when 242 is divided by 88.
66
What is the remainder when 71 is divided by 12?
11
Calculate the remainder when 291 is divided by 25.
16
What is the remainder when 440 is divided by 1?
0
What is the remainder when 999 is divided by 13?
11
Calculate the remainder when 7802 is divided by 61.
55
Calculate the remainder when 366 is divided by 202.
164
Calculate the remainder when 199 is divided by 9.
1
What is the remainder when 1726 is divided by 143?
10
What is the remainder when 872 is divided by 430?
12
What is the remainder when 589 is divided by 22?
17
What is the remainder when 50 is divided by 5?
0
Calculate the remainder when 332 is divided by 48.
44
What is the remainder when 201 is divided by 195?
6
Calculate the remainder when 322 is divided by 9.
7
Calculate the remainder when 1840 is divided by 265.
250
Calculate the remainder when 2069 is divided by 14.
11
Calculate the remainder when 256 is divided by 13.
9
What is the remainder when 125 is divided by 14?
13
Calculate the remainder when 1308 is divided by 14.
6
Calculate the remainder when 1211 is divided by 151.
3
Calculate the remainder when 5318 is divided by 7.
5
Calculate the remainder when 1556 is divided by 39.
35
Calculate the remainder when 51 is divided by 50.
1
What is the remainder when 319 is divided by 59?
24
Calculate the remainder when 803 is divided by 23.
21
What is the remainder when 2060 is divided by 2015?
45
Calculate the remainder when 3395 is divided by 170.
165
Calculate the remainder when 1254 is divided by 41.
24
Calculate the remainder when 11440 is divided by 25.
15
Calculate the remainder when 128 is divided by 28.
16
What is the remainder when 499 is divided by 105?
79
What is the remainder when 221 is divided by 26?
13
What is the remainder when 317 is divided by 4?
1
What is the remainder when 461 is divided by 121?
98
Calculate the remainder when 201 is divided by 49.
5
Calculate the remainder when 85 is divided by 38.
9
What is the remainder when 1194 is divided by 57?
54
Calculate the remainder when 3057 is divided by 102.
99
Calculate the remainder when 2621 is divided by 43.
41
Calculate the remainder when 119 is divided by 18.
11
Calculate the remainder when 30 is divided by 12.
6
Calculate the remainder when 588 is divided by 119.
112
Calculate the remainder when 339 is divided by 20.
19
What is the remainder when 20913 is divided by 21?
18
Calculate the remainder when 154 is divided by 21.
7
What is the remainder when 5160 is divided by 515?
10
Calculate the remainder when 21239 is divided by 36.
35
Calculate the remainder when 10257 is divided by 46.
45
What is the remainder when 187 is divided by 62?
1
Calculate the remainder when 151 is divided by 66.
19
What is the remainder when 7058 is divided by 307?
304
What is the remainder when 441 is divided by 61?
14
What is the remainder when 6664 is divided by 23?
17
What is the remainder when 1265 is divided by 60?
5
What is the remainder when 204 is divided by 31?
18
Calculate the remainder when 1796 is divided by 22.
14
Calculate the remainder when 1283 is divided by 335.
278
What is the remainder when 5059 is divided by 10?
9
Calculate the remainder when 1359 is divided by 442.
33
Calculate the remainder when 20 is divided by 11.
9
What is the remainder when 142 is divided by 13?
12
Calculate the remainder when 17537 is divided by 79.
78
What is the remainder when 8077 is divided by 43?
36
Calculate the remainder when 1186 is divided by 190.
46
Calculate the remainder when 37 is divided by 10.
7
What is the remainder when 840 is divided by 170?
160
Calculate the remainder when 40 is divided by 14.
12
Calculate the remainder when 611 is divided by 7.
2
What is the remainder when 764 is divided by 153?
152
What is the remainder when 245 is divided by 86?
73
Calculate the remainder when 356 is divided by 28.
20
Calculate the remainder when 1349 is divided by 673.
3
What is the remainder when 67 is divided by 26?
15
What is the remainder when 31 is divided by 17?
14
What is the remainder when 188 is divided by 27?
26
What is the remainder when 200 is divided by 7?
4
Calculate the remainder when 340 is divided by 108.
16
What is the remainder when 6640 is divided by 54?
52
Calculate the remainder when 484 is divided by 48.
4
What is the remainder when 4798 is divided by 49?
45
What is the remainder when 48 is divided by 17?
14
Calculate the remainder when 257 is divided by 7.
5
Calculate the remainder when 115 is divided by 20.
15
Calculate the remainder when 87 is divided by 22.
21
What is the remainder when 613 is divided by 56?
53
Calculate the remainder when 916 is divided by 302.
10
What is the remainder when 184 is divided by 67?
50
What is the remainder when 2864 is divided by 115?
104
What is the remainder when 792 is divided by 29?
9
Calculate the remainder when 362 is divided by 46.
40
What is the remainder when 196 is divided by 9?
7
What is the remainder when 138 is divided by 20?
18
Calculate the remainder when 997 is divided by 37.
35
What is the remainder when 181 is divided by 13?
12
What is the remainder when 51 is divided by 33?
18
Calculate the remainder when 6604 is divided by 56.
52
Calculate the remainder when 482 is divided by 118.
10
What is the remainder when 761 is divided by 242?
35
Calculate the remaind